of n?
2, 3, 13
Let r be (-2 - -11) + (-11319)/(-21). Suppose -a = 90 - r. What are the prime factors of a?
2, 229
Let q be (-2)/12 + 3*(-63)/(-162). List the prime factors of 2/7 + q + 3944/14.
283
Suppose -3*i - f - 278 = 0, -3*i - f = -5*i - 192. Let x = -90 - i. Suppose -2*l = -0*l - p - 190, 4*p = x*l - 388. What are the prime factors of l?
3, 31
Let x be (-1)/(-1) - (0 - -1). Let o = 3382 - 3175. Suppose x = u + 5*f - o, 0*f = f. List the prime factors of u.
3, 23
Suppose 118*s - 629571 - 175365 = 328690. What are the prime factors of s?
13, 739
Let w = 841 + 1061. List the prime factors of w/8 - -4 - 3/(-12).
2, 11
Let r be 8/(-3)*(-9 - (-42)/4). What are the prime factors of 75/(-2)*(224/(-20) + r)?
2, 3, 5, 19
Let j(m) = -11*m - 27. Let x(o) = -o - 1. Let z(c) = 39*c + 86. Let b(r) = -6*x(r) - z(r). Let w(a) = 4*b(a) - 11*j(a). List the prime factors of w(-10).
3, 29
Let d(m) = m**2 + 6*m - 12. Let l be d(-7). Let z = 9 + l. Suppose 291 = -z*k + 7*k. What are the prime factors of k?
97
Let i = 287 - 294. List the prime factors of 48*(-203)/(-14) - i.
19, 37
Suppose -2*q - 5*r + 4968 = 2*q, 0 = -2*q - 4*r + 2478. Suppose 3*v = q + 361. List the prime factors of v.
2, 67
Suppose -22*n + 29 = 7*n. What are the prime factors of 1540/n + (5 - (3 - -1))?
23, 67
Let n = 1 - -4. Suppose 536 = n*m - 224. What are the prime factors of m?
2, 19
Let o(t) be the second derivative of -t**5/20 + 7*t**4/12 - t**3/6 + 19*t**2 + 14643*t. Let v be (-1 - -1 - 7)*-1. List the prime factors of o(v).
31
Suppose 3*q + 486 = -0*x + x, -2*x = -q - 982. Let m be x/16*16/6. Let z = m - 51. What are the prime factors of z?
31
Let q = 20656 + 3817. List the prime factors of q.
24473
Let m(h) = -4*h**2 + 9*h - 9. Let i(s) = s**2 + s + 2. Let w(n) = 10*i(n) + 2*m(n). List the prime factors of w(12).
2, 313
Suppose -61607 = 141*l - 144*l + u, 2*l = -3*u + 41086. What are the prime factors of l?
11, 1867
Suppose 123*u = 98*u + 853750. List the prime factors of u.
2, 5, 683
Let o(c) = 22*c**2 + 376*c - 149. What are the prime factors of o(44)?
61, 967
Suppose -1269*i = -1257*i - 4560. What are the prime factors of i?
2, 5, 19
Let s = 42861 + -20093. List the prime factors of s.
2, 1423
Suppose -174 = -9*b + 12*b - 3*l, -l = b + 62. Let c = b - -60. Suppose -2*y + j + 515 = 0, 2*y + j + c*j - 509 = 0. List the prime factors of y.
2
Let v(z) = -71*z + 219. Suppose 2*s - s = 3*p - 14, 0 = -3*s - p - 12. List the prime factors of v(s).
2, 7, 41
Suppose -5*j + 95 = 5*b, -2*j + 67 = 4*b + 19. Suppose 4 = 9*y - j. What are the prime factors of 2 + -3 + (y - 0) + 121?
2, 61
Let n be (-4 - 0)*7/(-7). Suppose -2*p = -3*p - t + 49, p = n*t + 69. Let y = 137 - p. List the prime factors of y.
2, 3, 7
Let t be (-3)/((-2)/3*(-6)/(-4)). Let n be 2/3 - 68/(-6). Suppose 3*o - 48 = 3*j, j - n = -o + t*j. List the prime factors of o.
2, 5
Let j(q) = -28*q + 70. Let a be j(12). Let l = 483 + a. List the prime factors of l.
7, 31
Suppose 5*b + 1 = 6*b. Let q be 5 + (b - (2 - -1)). Let t(x) = 3*x**3 - 2*x**2 + 4*x + 7. List the prime factors of t(q).
2, 41
What are the prime factors of 3300 + 7/((5/(-10))/((-1)/2))?
3307
Suppose 0 = -3*y - 2*y. Suppose 2*m - 4*k - 22 + 4 = y, 3*m - k - 7 = 0. List the prime factors of (-8)/(63/(-57) + m).
2, 19
What are the prime factors of -28*58/14616 - (169672/(-18))/2?
3, 1571
Let x(z) be the third derivative of 14*z**2 + 0*z + 0 - 11/3*z**3 + 1/30*z**5 + 1/2*z**4. What are the prime factors of x(-12)?
2, 61
Let i = 157 + -258. Suppose 4*d - 3*o = 1081, -o - 1354 = 3*d - 8*d. Let z = d + i. What are the prime factors of z?
2, 5, 17
Suppose -3*z + 34 = -5. Suppose 3*y - z + 28 = 0. Let c(i) = -i**3 + 4*i + 11. List the prime factors of c(y).
2, 29
Let o be (-2)/10 - ((-7068)/15 - -1). Suppose 134 = 4*t + o. What are the prime factors of (36/(-14))/(2/t)?
2, 3
Let v = -300 - -302. Suppose -3*a + 1999 = v*n, -2*a - 5*n = -6 - 1345. What are the prime factors of a?
3, 13, 17
Let n(t) = -4*t**2 - 24*t - 7. Let w be n(-6). What are the prime factors of 275/40 + w + 19906/16?
2, 311
Let f(n) = -477*n**2 - 5*n - 11. Let m(a) = -3*a + 1. Let c(x) = -f(x) - m(x). What are the prime factors of c(-1)?
479
Suppose -2*f + 2235 = 3*f. Suppose 10*o = -15*o + 10*o + 3600. Suppose 5*b + 4*z - o = f, -396 = -3*b + 3*z. List the prime factors of b.
3, 5
Suppose 3*i - 36*m + 38*m - 51299 = 0, -17097 = -i + 2*m. What are the prime factors of i?
17099
Suppose -84*x = -86*x + 10. Let n be 1*(2 + 1) - -120. Let k = n - x. List the prime factors of k.
2, 59
Let z be 14/49 - 147696/84. Let d = -396 - z. List the prime factors of d.
2, 3, 227
List the prime factors of ((-3707328)/240)/((-40)/50).
19309
Let z be (-20)/(-6)*3/2. Suppose 4*a = 3*u + 18, 5*a + 5*u = -0*a + z. Suppose -192 = -4*w + a*o + 60, -w - 5*o = -40. What are the prime factors of w?
2, 3, 5
Let b = -7047 + 15757. What are the prime factors of b?
2, 5, 13, 67
Suppose 116*x + 666748 = 252*x - 105*x. What are the prime factors of x?
2, 19, 283
Let x = -197 + 15829. What are the prime factors of x?
2, 977
Suppose 7 = -a + 9. Suppose a*u + 17 = 21. Suppose u*g + 3*j - 253 = 0, j - 88 = 2*g - 337. What are the prime factors of g?
5
Let u(y) = -28*y**2 - y - 2. Let a(r) = -r. Let l(h) = 2*a(h) - u(h). Let n(k) = k**2 - k + 1. Let c be n(1). List the prime factors of l(c).
29
Let c(f) = -52*f**3 + 8*f**2 + 73*f + 15. What are the prime factors of c(-7)?
2, 11, 13, 31
Suppose -5*d = -10*d + 4*u - 854, -4*u + 514 = -3*d. Let m = 176 + d. What are the prime factors of m?
2, 3
Let z(w) = 23*w - 27. Let m be z(10). Suppose -2*v + m = -15. Let a = -62 + v. What are the prime factors of a?
47
Let h(p) = -3*p - 1. Let r be h(-1). Suppose 3*j + 823 = 2*z, -r*j = -z - 6*j + 384. What are the prime factors of z?
2, 101
Let d(b) = b**2 + 2*b + 1. Suppose -3 + 5 = -2*a. Let m be d(a). Suppose 2*s - 8 - 166 = m. What are the prime factors of s?
3, 29
What are the prime factors of ((-879)/2)/((-54281)/(-3196) - 17)?
2, 47, 293
Let k = 18501 + -9383. What are the prime factors of k?
2, 47, 97
Suppose -24*r + 18*r - 1626 = 0. Let q = -25 - r. List the prime factors of q.
2, 3, 41
Suppose 3*l + 120*z = 115*z + 75328, 4*z + 100384 = 4*l. What are the prime factors of l?
3, 2789
Let q(i) = -175*i**3 - 2*i**2 - i + 1. Suppose 11*g = -4*g + 1470. Let n = -99 + g. List the prime factors of q(n).
5, 7
Let g = -143 + 146. Suppose -4*a - g*d + 1011 + 470 = 0, -5*a + d + 1856 = 0. List the prime factors of a.
7, 53
Suppose 9 - 17 = -2*h, -4*o = 3*h - 532. Suppose -o*s = -139*s + 6192. List the prime factors of s.
2, 43
Let r = 180 + -168. List the prime factors of r/8*1624/12.
7, 29
Suppose 5*f - 66 - 774 = 0. Let z = f + -116. What are the prime factors of z?
2, 13
Let z(v) = 6*v - 200. Let g be z(33). List the prime factors of 234*(g/2 + -4 + 11).
2, 3, 13
Let w = 75 - 63. Suppose -w*c + 11*c + 376 = 0. List the prime factors of c.
2, 47
Suppose -22*g = -207*g + 297665. List the prime factors of g.
1609
Suppose -3*g + h + 14 = 0, 2*g = -5*h + 32 - 51. Suppose -5*i + g*t + 270 = -328, -3*t = 3*i - 378. List the prime factors of i.
2, 61
Suppose 72*n + 3390 = 75*n. Suppose -2*l + n = 2*w, -3*w - 5*l + 1719 = -10*l. List the prime factors of w.
2, 71
Let l be -35*(3 - 1)*-1. Suppose 3*b - 93 = n, -b + 17*n + 31 = 12*n. Let c = l - b. List the prime factors of c.
3, 13
Let v(c) = c**2 + 2*c - 27. Let d be v(-5). Let a be 7/(21/d) - -2. What are the prime factors of (5 + 2 - a)*210/18?
3, 5, 7
Let f be (39 - 39)*-1*(2 - 1). Suppose 4*p = 3*n + 2*p - 4, p + 2 = 3*n. Suppose f*m + 4*m - 64 = n. What are the prime factors of m?
2
List the prime factors of 42*((31 - (2 + 3)) + -4).
2, 3, 7, 11
Let b = -16 - -10. Let u be b*(1 - 0)*1316/(-42). Suppose 2*n = 3*n - u. List the prime factors of n.
2, 47
Let h = 971 + -966. Suppose 5*q - 69*g - 1959 = -68*g, -3*g + 1963 = h*q. List the prime factors of q.
2, 7
What are the prime factors of ((-38681)/2)/(203/(-812))?
2, 47, 823
Suppose -24*b = -6*b - 13446. Let x = b - 409. List the prime factors of x.
2, 13
Let f(u) = 2*u**2 + 18*u + 18. Suppose 54 = -9*i - 18. Let p be f(i). Suppose p*w - 230 = 30. What are the prime factors of w?
2, 5, 13
Let u be (-565)/(-9) + 32/144. Let l = 74 - u. List the prime fac